{"id":1793,"date":"2018-08-06T17:54:02","date_gmt":"2018-08-06T17:54:02","guid":{"rendered":"https:\/\/docservices.com.py\/?page_id=1793"},"modified":"2018-08-13T14:58:41","modified_gmt":"2018-08-13T14:58:41","slug":"inspecciones-de-productos-del-petroleo","status":"publish","type":"page","link":"https:\/\/docservices.com.py\/index.php\/inspecciones-de-productos-del-petroleo\/","title":{"rendered":"Inspecciones de productos del petr\u00f3leo"},"content":{"rendered":"<div class=\"wpb-content-wrapper\"><p>[vc_row parallax=\u00bbcontent-moving\u00bb css=\u00bb.vc_custom_1534172283945{padding-top: 200px !important;padding-bottom: 200px !important;background-image: url(https:\/\/docservices.com.py\/wp-content\/uploads\/2018\/08\/oil.jpg?id=1853) !important;background-position: center;background-repeat: no-repeat !important;background-size: cover !important;}\u00bb][vc_column width=\u00bb1\/4&#8243; css=\u00bb.vc_custom_1490104918682{background-position: center !important;background-repeat: no-repeat !important;background-size: cover !important;}\u00bb][vc_separator color=\u00bbcustom\u00bb align=\u00bbalign_right\u00bb border_width=\u00bb4&#8243; el_width=\u00bb70&#8243; accent_color=\u00bb#ffffff\u00bb][\/vc_column][vc_column width=\u00bb1\/2&#8243;][vc_custom_heading text=\u00bb\u00bb font_container=\u00bbtag:h2|font_size:60|text_align:left|color:%23ffffff\u00bb google_fonts=\u00bbfont_family:Raleway%3A100%2C200%2C300%2Cregular%2C500%2C600%2C700%2C800%2C900|font_style:300%20light%20regular%3A300%3Anormal\u00bb][vc_column_text][\/vc_column_text][\/vc_column][vc_column width=\u00bb1\/4&#8243;][\/vc_column][\/vc_row][vc_row][vc_column width=\u00bb1\/3&#8243;][vc_custom_heading text=\u00bbInspecciones de productos del petr\u00f3leo\u00bb font_container=\u00bbtag:h3|font_size:40|text_align:right\u00bb google_fonts=\u00bbfont_family:Raleway%3A100%2C200%2C300%2Cregular%2C500%2C600%2C700%2C800%2C900|font_style:400%20regular%3A400%3Anormal\u00bb][\/vc_column][vc_column width=\u00bb2\/3&#8243;][vc_column_text]El producto b\u00e1sico (petr\u00f3leo crudo, gasolina, gasoil, LPG, etc.) se inspecciona antes o durante el env\u00edo. Esto ocurre en las instalaciones del proveedor o en otras instalaciones que se especifiquen. La inspecci\u00f3n busca asegurar que el producto cumple estrictamente con las especificaciones acordadas.<\/p>\n<p>Siempre adaptamos nuestros servicios a las necesidades de nuestros clientes. Estos pueden incluir el siguiente alcance de servicios:<\/p>\n<ul>\n<li>Inspecci\u00f3n y aprobaci\u00f3n de los tanques de tierra y \/ o de los buques para garantizar las condiciones adecuadas para la carga de la carga.<\/li>\n<li>Supervisi\u00f3n durante la carga, descarga o transbordo.<\/li>\n<li>Muestreo antes y despu\u00e9s de las operaciones de carga y \/ o descarga y preparaci\u00f3n de muestras contractuales.<\/li>\n<li>Realizaci\u00f3n de an\u00e1lisis de muestras compuestas finales.<\/li>\n<li>Reportes fotogr\u00e1ficos.<\/li>\n<li>Certificaci\u00f3n de calidad y cantidad.<\/li>\n<\/ul>\n<p>[\/vc_column_text][\/vc_column][\/vc_row]<\/p>\n<\/div>","protected":false},"excerpt":{"rendered":"<p>[vc_row parallax=\u00bbcontent-moving\u00bb css=\u00bb.vc_custom_1534172283945{padding-top: 200px !important;padding-bottom: 200px !important;background-image: url(https:\/\/docservices.com.py\/wp-content\/uploads\/2018\/08\/oil.jpg?id=1853) !important;background-position: center;background-repeat: no-repeat !important;background-size: cover !important;}\u00bb][vc_column width=\u00bb1\/4&#8243; css=\u00bb.vc_custom_1490104918682{background-position: center !important;background-repeat: no-repeat !important;background-size: cover !important;}\u00bb][vc_separator color=\u00bbcustom\u00bb align=\u00bbalign_right\u00bb border_width=\u00bb4&#8243; el_width=\u00bb70&#8243; accent_color=\u00bb#ffffff\u00bb][\/vc_column][vc_column width=\u00bb1\/2&#8243;][vc_custom_heading text=\u00bb\u00bb font_container=\u00bbtag:h2|font_size:60|text_align:left|color:%23ffffff\u00bb google_fonts=\u00bbfont_family:Raleway%3A100%2C200%2C300%2Cregular%2C500%2C600%2C700%2C800%2C900|font_style:300%20light%20regular%3A300%3Anormal\u00bb][vc_column_text][\/vc_column_text][\/vc_column][vc_column width=\u00bb1\/4&#8243;][\/vc_column][\/vc_row][vc_row][vc_column width=\u00bb1\/3&#8243;][vc_custom_heading text=\u00bbInspecciones de productos del petr\u00f3leo\u00bb font_container=\u00bbtag:h3|font_size:40|text_align:right\u00bb google_fonts=\u00bbfont_family:Raleway%3A100%2C200%2C300%2Cregular%2C500%2C600%2C700%2C800%2C900|font_style:400%20regular%3A400%3Anormal\u00bb][\/vc_column][vc_column width=\u00bb2\/3&#8243;][vc_column_text]El producto b\u00e1sico (petr\u00f3leo crudo, gasolina, gasoil, LPG, etc.) se inspecciona antes o durante el&hellip;<\/p>\n","protected":false},"author":1,"featured_media":0,"parent":0,"menu_order":0,"comment_status":"closed","ping_status":"closed","template":"","meta":{"footnotes":""},"class_list":["post-1793","page","type-page","status-publish","hentry","description-off"],"_links":{"self":[{"href":"https:\/\/docservices.com.py\/index.php\/wp-json\/wp\/v2\/pages\/1793","targetHints":{"allow":["GET"]}}],"collection":[{"href":"https:\/\/docservices.com.py\/index.php\/wp-json\/wp\/v2\/pages"}],"about":[{"href":"https:\/\/docservices.com.py\/index.php\/wp-json\/wp\/v2\/types\/page"}],"author":[{"embeddable":true,"href":"https:\/\/docservices.com.py\/index.php\/wp-json\/wp\/v2\/users\/1"}],"replies":[{"embeddable":true,"href":"https:\/\/docservices.com.py\/index.php\/wp-json\/wp\/v2\/comments?post=1793"}],"version-history":[{"count":10,"href":"https:\/\/docservices.com.py\/index.php\/wp-json\/wp\/v2\/pages\/1793\/revisions"}],"predecessor-version":[{"id":1868,"href":"https:\/\/docservices.com.py\/index.php\/wp-json\/wp\/v2\/pages\/1793\/revisions\/1868"}],"wp:attachment":[{"href":"https:\/\/docservices.com.py\/index.php\/wp-json\/wp\/v2\/media?parent=1793"}],"curies":[{"name":"wp","href":"https:\/\/api.w.org\/{rel}","templated":true}]}}